{"id":10,"date":"2024-09-25T15:54:43","date_gmt":"2024-09-25T18:54:43","guid":{"rendered":"https:\/\/makegroupbr.com\/?page_id=10"},"modified":"2024-09-30T17:43:24","modified_gmt":"2024-09-30T20:43:24","slug":"em-construcao","status":"publish","type":"page","link":"https:\/\/makegroupbr.com\/","title":{"rendered":"Em constru\u00e7\u00e3o"},"content":{"rendered":"\t\t<div data-elementor-type=\"wp-page\" data-elementor-id=\"10\" class=\"elementor elementor-10\" data-elementor-post-type=\"page\">\n\t\t\t\t<div class=\"elementor-element elementor-element-0270055 e-con-full e-flex e-con e-parent\" data-id=\"0270055\" data-element_type=\"container\" data-settings=\"{&quot;background_background&quot;:&quot;classic&quot;}\">\n\t\t<div class=\"elementor-element elementor-element-eaa50b0 e-con-full e-flex e-con e-child\" data-id=\"eaa50b0\" data-element_type=\"container\">\n\t\t\t\t<div class=\"elementor-element elementor-element-34b9fbb elementor-widget elementor-widget-image\" data-id=\"34b9fbb\" data-element_type=\"widget\" data-widget_type=\"image.default\">\n\t\t\t\t<div class=\"elementor-widget-container\">\n\t\t\t\t\t\t\t\t\t\t\t\t\t<img fetchpriority=\"high\" decoding=\"async\" width=\"800\" height=\"231\" src=\"https:\/\/makegroupbr.com\/wp-content\/uploads\/2024\/09\/mk-group-logo-branco.png\" class=\"attachment-full size-full wp-image-21\" alt=\"\" srcset=\"https:\/\/makegroupbr.com\/wp-content\/uploads\/2024\/09\/mk-group-logo-branco.png 800w, https:\/\/makegroupbr.com\/wp-content\/uploads\/2024\/09\/mk-group-logo-branco-300x87.png 300w, https:\/\/makegroupbr.com\/wp-content\/uploads\/2024\/09\/mk-group-logo-branco-768x222.png 768w, https:\/\/makegroupbr.com\/wp-content\/uploads\/2024\/09\/mk-group-logo-branco-150x43.png 150w, https:\/\/makegroupbr.com\/wp-content\/uploads\/2024\/09\/mk-group-logo-branco-480x139.png 480w\" sizes=\"(max-width:767px) 480px, (max-width:800px) 100vw, 800px\" \/>\t\t\t\t\t\t\t\t\t\t\t\t\t<\/div>\n\t\t\t\t<\/div>\n\t\t\t\t<\/div>\n\t\t<div class=\"elementor-element elementor-element-cbf60c2 e-con-full e-flex e-con e-child\" data-id=\"cbf60c2\" data-element_type=\"container\">\n\t\t\t\t<div class=\"elementor-element elementor-element-e933da2 elementor-widget elementor-widget-heading\" data-id=\"e933da2\" data-element_type=\"widget\" data-widget_type=\"heading.default\">\n\t\t\t\t<div class=\"elementor-widget-container\">\n\t\t\t<h2 class=\"elementor-heading-title elementor-size-default\">SOLU\u00c7\u00d5ES<br>QUE CONECTAM<br>SUSTENTABILIDADE<br>E GEST\u00c3O<br> ESTRAT\u00c9GICA<\/h2>\t\t<\/div>\n\t\t\t\t<\/div>\n\t\t\t\t<div class=\"elementor-element elementor-element-07e8aa4 elementor-widget__width-initial elementor-widget-mobile__width-inherit elementor-widget elementor-widget-text-editor\" data-id=\"07e8aa4\" data-element_type=\"widget\" data-widget_type=\"text-editor.default\">\n\t\t\t\t<div class=\"elementor-widget-container\">\n\t\t\t\t\t\t\t<p>Unindo for\u00e7as para atender \u00e0s diferentes necessidades do mercado. Conhe\u00e7a o nosso conglomerado de empresas.<\/p>\t\t\t\t\t\t<\/div>\n\t\t\t\t<\/div>\n\t\t<div class=\"elementor-element elementor-element-0be3efc e-grid e-con-full e-con e-child\" data-id=\"0be3efc\" data-element_type=\"container\">\n\t\t\t\t<div class=\"elementor-element elementor-element-37ea1a7 elementor-widget elementor-widget-image\" data-id=\"37ea1a7\" data-element_type=\"widget\" data-widget_type=\"image.default\">\n\t\t\t\t<div class=\"elementor-widget-container\">\n\t\t\t\t\t\t\t\t\t\t\t\t\t\t<a href=\"https:\/\/makepack.com.br\/\">\n\t\t\t\t\t\t\t<img decoding=\"async\" width=\"1447\" height=\"700\" src=\"https:\/\/makegroupbr.com\/wp-content\/uploads\/2024\/09\/02-3.png\" class=\"elementor-animation-shrink attachment-full size-full wp-image-123\" alt=\"\" srcset=\"https:\/\/makegroupbr.com\/wp-content\/uploads\/2024\/09\/02-3.png 1447w, https:\/\/makegroupbr.com\/wp-content\/uploads\/2024\/09\/02-3-300x145.png 300w, https:\/\/makegroupbr.com\/wp-content\/uploads\/2024\/09\/02-3-1024x495.png 1024w, https:\/\/makegroupbr.com\/wp-content\/uploads\/2024\/09\/02-3-768x372.png 768w, https:\/\/makegroupbr.com\/wp-content\/uploads\/2024\/09\/02-3-150x73.png 150w, https:\/\/makegroupbr.com\/wp-content\/uploads\/2024\/09\/02-3-480x232.png 480w\" sizes=\"(max-width:767px) 480px, (max-width:1447px) 100vw, 1447px\" \/>\t\t\t\t\t\t\t\t<\/a>\n\t\t\t\t\t\t\t\t\t\t\t\t\t<\/div>\n\t\t\t\t<\/div>\n\t\t\t\t<div class=\"elementor-element elementor-element-4ea174e elementor-widget elementor-widget-image\" data-id=\"4ea174e\" data-element_type=\"widget\" data-widget_type=\"image.default\">\n\t\t\t\t<div class=\"elementor-widget-container\">\n\t\t\t\t\t\t\t\t\t\t\t\t\t\t<a href=\"http:\/\/makeplant.com.br\/\">\n\t\t\t\t\t\t\t<img decoding=\"async\" width=\"1683\" height=\"708\" src=\"https:\/\/makegroupbr.com\/wp-content\/uploads\/2024\/09\/02-2-1.png\" class=\"elementor-animation-shrink attachment-full size-full wp-image-124\" alt=\"\" srcset=\"https:\/\/makegroupbr.com\/wp-content\/uploads\/2024\/09\/02-2-1.png 1683w, https:\/\/makegroupbr.com\/wp-content\/uploads\/2024\/09\/02-2-1-300x126.png 300w, https:\/\/makegroupbr.com\/wp-content\/uploads\/2024\/09\/02-2-1-1024x431.png 1024w, https:\/\/makegroupbr.com\/wp-content\/uploads\/2024\/09\/02-2-1-768x323.png 768w, https:\/\/makegroupbr.com\/wp-content\/uploads\/2024\/09\/02-2-1-1536x646.png 1536w, https:\/\/makegroupbr.com\/wp-content\/uploads\/2024\/09\/02-2-1-150x63.png 150w, https:\/\/makegroupbr.com\/wp-content\/uploads\/2024\/09\/02-2-1-480x202.png 480w\" sizes=\"(max-width:767px) 480px, (max-width:1683px) 100vw, 1683px\" \/>\t\t\t\t\t\t\t\t<\/a>\n\t\t\t\t\t\t\t\t\t\t\t\t\t<\/div>\n\t\t\t\t<\/div>\n\t\t\t\t<div class=\"elementor-element elementor-element-e7a1b33 elementor-widget elementor-widget-image\" data-id=\"e7a1b33\" data-element_type=\"widget\" data-widget_type=\"image.default\">\n\t\t\t\t<div class=\"elementor-widget-container\">\n\t\t\t\t\t\t\t\t\t\t\t\t\t\t<a href=\"https:\/\/www.linkedin.com\/company\/make-service\/?originalSubdomain=br\">\n\t\t\t\t\t\t\t<img loading=\"lazy\" decoding=\"async\" width=\"1955\" height=\"675\" src=\"https:\/\/makegroupbr.com\/wp-content\/uploads\/2024\/09\/02-1-1.png\" class=\"elementor-animation-shrink attachment-full size-full wp-image-125\" alt=\"\" srcset=\"https:\/\/makegroupbr.com\/wp-content\/uploads\/2024\/09\/02-1-1.png 1955w, https:\/\/makegroupbr.com\/wp-content\/uploads\/2024\/09\/02-1-1-300x104.png 300w, https:\/\/makegroupbr.com\/wp-content\/uploads\/2024\/09\/02-1-1-1024x354.png 1024w, https:\/\/makegroupbr.com\/wp-content\/uploads\/2024\/09\/02-1-1-768x265.png 768w, https:\/\/makegroupbr.com\/wp-content\/uploads\/2024\/09\/02-1-1-1536x530.png 1536w, https:\/\/makegroupbr.com\/wp-content\/uploads\/2024\/09\/02-1-1-150x52.png 150w, https:\/\/makegroupbr.com\/wp-content\/uploads\/2024\/09\/02-1-1-480x166.png 480w\" sizes=\"(max-width:767px) 480px, (max-width:1955px) 100vw, 1955px\" \/>\t\t\t\t\t\t\t\t<\/a>\n\t\t\t\t\t\t\t\t\t\t\t\t\t<\/div>\n\t\t\t\t<\/div>\n\t\t\t\t<\/div>\n\t\t\t\t<\/div>\n\t\t\t\t<\/div>\n\t\t<div class=\"elementor-element elementor-element-83143e0 e-flex e-con-boxed e-con e-parent\" data-id=\"83143e0\" data-element_type=\"container\">\n\t\t\t\t\t<div class=\"e-con-inner\">\n\t\t\t\t<div class=\"elementor-element elementor-element-e47926d elementor-widget__width-initial elementor-widget-mobile__width-initial elementor-widget elementor-widget-text-editor\" data-id=\"e47926d\" data-element_type=\"widget\" data-widget_type=\"text-editor.default\">\n\t\t\t\t<div class=\"elementor-widget-container\">\n\t\t\t\t\t\t\t<p>Site em Manuten\u00e7\u00e3o<\/p>\t\t\t\t\t\t<\/div>\n\t\t\t\t<\/div>\n\t\t\t\t\t<\/div>\n\t\t\t\t<\/div>\n\t\t\t\t<\/div>\n\t\t","protected":false},"excerpt":{"rendered":"<p>SOLU\u00c7\u00d5ESQUE CONECTAMSUSTENTABILIDADEE GEST\u00c3O ESTRAT\u00c9GICA Unindo for\u00e7as para atender \u00e0s diferentes necessidades do mercado. Conhe\u00e7a o nosso conglomerado de empresas. Site em Manuten\u00e7\u00e3o<\/p>\n","protected":false},"author":1,"featured_media":0,"parent":0,"menu_order":0,"comment_status":"closed","ping_status":"closed","template":"elementor_canvas","meta":{"footnotes":""},"class_list":["post-10","page","type-page","status-publish","hentry"],"_links":{"self":[{"href":"https:\/\/makegroupbr.com\/index.php?rest_route=\/wp\/v2\/pages\/10","targetHints":{"allow":["GET"]}}],"collection":[{"href":"https:\/\/makegroupbr.com\/index.php?rest_route=\/wp\/v2\/pages"}],"about":[{"href":"https:\/\/makegroupbr.com\/index.php?rest_route=\/wp\/v2\/types\/page"}],"author":[{"embeddable":true,"href":"https:\/\/makegroupbr.com\/index.php?rest_route=\/wp\/v2\/users\/1"}],"replies":[{"embeddable":true,"href":"https:\/\/makegroupbr.com\/index.php?rest_route=%2Fwp%2Fv2%2Fcomments&post=10"}],"version-history":[{"count":94,"href":"https:\/\/makegroupbr.com\/index.php?rest_route=\/wp\/v2\/pages\/10\/revisions"}],"predecessor-version":[{"id":137,"href":"https:\/\/makegroupbr.com\/index.php?rest_route=\/wp\/v2\/pages\/10\/revisions\/137"}],"wp:attachment":[{"href":"https:\/\/makegroupbr.com\/index.php?rest_route=%2Fwp%2Fv2%2Fmedia&parent=10"}],"curies":[{"name":"wp","href":"https:\/\/api.w.org\/{rel}","templated":true}]}}